False
Is 282190721 a prime number?
True
Is 20368513471 a prime number?
False
Is 1722322895 a prime number?
False
Is 2148084831 prime?
False
Is 2710563547 a composite number?
True
Is 10541142641 a composite number?
True
Is 16669349017 composite?
False
Is 2944391953 composite?
True
Is 7649622089 a composite number?
True
Is 275062417 prime?
False
Is 188869485173 a composite number?
False
Is 418087639 a prime number?
False
Is 26525682563 prime?
False
Is 90381908719 composite?
False
Is 146298001 composite?
False
Is 180107531 composite?
False
Is 918470089 a composite number?
True
Is 32827385453 composite?
True
Is 3128553133 composite?
True
Is 34014658979 composite?
True
Is 6683905831 composite?
False
Is 187807297 composite?
True
Is 39043084649 composite?
False
Is 405922757 a prime number?
False
Is 28188336431 a composite number?
False
Is 4470166583 a composite number?
False
Is 715993121 a prime number?
True
Is 189685483822 a prime number?
False
Is 289431101 a composite number?
False
Is 7581805757 composite?
False
Is 3205565998 prime?
False
Is 567437711 composite?
True
Is 13240093337 a prime number?
False
Is 1697329435 a composite number?
True
Is 861801379 composite?
True
Is 282738929 prime?
False
Is 95444633561 composite?
False
Is 4248602623 composite?
False
Is 6498774251 composite?
True
Is 87791070077 a composite number?
False
Is 69361904657 composite?
False
Is 1031415355 prime?
False
Is 369509993 a prime number?
True
Is 7515197947 a prime number?
False
Is 8366531 composite?
True
Is 5677977523 composite?
False
Is 25457537135 composite?
True
Is 92237671 composite?
True
Is 13845140449 a prime number?
False
Is 153791452181 a composite number?
True
Is 151477177583 composite?
False
Is 6786761281 composite?
False
Is 136445386279 composite?
False
Is 2443160653 prime?
False
Is 158853642889 composite?
True
Is 5337748321 a prime number?
True
Is 33388293143 a composite number?
True
Is 1123361507 a composite number?
False
Is 8434448887 prime?
False
Is 156093739 composite?
False
Is 495428981 a composite number?
False
Is 9877971211 a prime number?
True
Is 1514134393 a composite number?
True
Is 11396402533 prime?
False
Is 1127695813 composite?
False
Is 813919493 composite?
True
Is 19118853581 prime?
False
Is 24333179639 composite?
True
Is 1732718879 a prime number?
True
Is 633599623 a composite number?
False
Is 10492896787 prime?
False
Is 16198583071 prime?
False
Is 2853671131 a prime number?
True
Is 2326233101 composite?
False
Is 1265224939 a composite number?
True
Is 45336631 a composite number?
True
Is 59928213241 a composite number?
True
Is 262377501109 a composite number?
False
Is 134371418089 prime?
False
Is 11430279811 a prime number?
True
Is 35191308863 prime?
True
Is 45522882049 a composite number?
False
Is 19554123917 a composite number?
False
Is 3902742577 prime?
True
Is 6418481467 composite?
False
Is 58435547903 a prime number?
True
Is 12680772707 prime?
False
Is 9334449463 a prime number?
False
Is 3238606279 composite?
True
Is 7012619773 a composite number?
False
Is 133577525267 a composite number?
True
Is 1321631839 prime?
False
Is 4826680513 a prime number?
True
Is 35613094129 prime?
False
Is 133026088721 composite?
True
Is 60785819 a prime number?
True
Is 437978647 a composite number?
False
Is 13986616349 a composite number?
True
Is 2653741 a composite number?
False
Is 439118459 a composite number?
True
Is 126622391807 prime?
False
Is 37942242511 prime?
True
Is 314770909 prime?
True
Is 798994519 composite?
False
Is 24888047731 prime?
False
Is 64056258005 prime?
False
Is 943961243 composite?
False
Is 21724146107 composite?
False
Is 1661365091 prime?
True
Is 114910388963 a composite number?
False
Is 353046707 composite?
True
Is 125868292541 a prime number?
True
Is 20448440209 prime?
True
Is 5522883089 a prime number?
False
Is 1324292219 a prime number?
False
Is 53489658793 composite?
False
Is 202542225137 prime?
False
Is 3225509879 prime?
True
Is 1687734989 a prime number?
True
Is 398777527 a prime number?
False
Is 5480819677 a prime number?
False
Is 283533937 composite?
False
Is 128407189 a prime number?
False
Is 592140391 a prime number?
False
Is 420790184347 prime?
False
Is 2045314553 a composite number?
True
Is 32132449781 a prime number?
True
Is 71916825611 a prime number?
False
Is 1258446977 a prime number?
False
Is 2399007577 a composite number?
False
Is 3065096927 a prime number?
True
Is 1681372601 a prime number?
True
Is 5500795471 composite?
False
Is 945879005 prime?
False
Is 16703995717 a prime number?
False
Is 111177119 prime?
False
Is 15423907349 prime?
False
Is 21693886601 composite?
False
Is 15049440209 prime?
True
Is 11864540591 a prime number?
True
Is 14868124699 a prime number?
True
Is 6636244889 composite?
True
Is 1733034187 prime?
False
Is 25399134227 prime?
False
Is 3325757441 a composite number?
False
Is 32634128339 a prime number?
True
Is 63869341 composite?
False
Is 623235619 a composite number?
False
Is 242130809 prime?
True
Is 20105263813 a composite number?
False
Is 65937680761 prime?
True
Is 4063065803 a prime number?
False
Is 94343909 a composite number?
True
Is 378374777 a composite number?
True
Is 3081692767 composite?
False
Is 5879662115 a prime number?
False
Is 3707228903 a composite number?
True
Is 1913198813 a prime number?
False
Is 10311454693 a composite number?
True
Is 805713691 a prime number?
False
Is 565801807 a composite number?
False
Is 219108397 prime?
True
Is 18521553543 a prime number?
False
Is 2257600529 prime?
True
Is 151623181553 a composite number?
False
Is 53078326877 composite?
True
Is 134915860715 a composite number?
True
Is 1384516127 prime?
True
Is 786774043 composite?
True
Is 1674603107 prime?
False
Is 3021908647 prime?
False
Is 89241257879 a composite number?
False
Is 22614021619 composite?
True
Is 7112827039 prime?
True
Is 1673385253 prime?
True
Is 4867917113 a composite number?
True
Is 6839594551 a composite number?
False
Is 2974412843 a prime number?
False
Is 21716618169 a prime number?
False
Is 33285100919 composite?
True
Is 12271586771 a prime number?
True
Is 10196730371 a prime number?
True
Is 1411640239 a prime number?
True
Is 327594937 composite?
True
Is 3741218011 a composite number?
False
Is 2971037593 a composite number?
True
Is 38757769147 composite?
False
Is 4872861661 composite?
False
Is 46981243691 a prime number?
False
Is 534314149 a prime number?
False
Is 2719866619 composite?
False
Is 2340988165 composite?
True
Is 22797503611 a prime number?
True
Is 121219 composite?
True
Is 4475234191 a composite number?
True
Is 240181465 prime?
False
Is 394759873 prime?
False
Is 83349017537 prime?
False
Is 555898439 a prime number?
True
Is 165799031 composite?
True
Is 840253189 prime?
True
Is 14477896049 prime?
True
Is 547454491 a composite number?
True
Is 218726029543 composite?
True
Is 5689318389 composite?
True
Is 465029143 composite?
True
Is 24981631 a composite number?
False
Is 11808504737 composite?
True
Is 2217555343 composite?
False
Is 75996744241 prime?
False
Is 3783764351 composite?
False
Is 290376091 a prime number?
True
Is 12870441223 composite?
True
Is 84459656257 a prime number?
True
Is 261349043 a composite number?
False
Is 508980634 a composite number?
True
Is 39250566049 a prime number?
True
Is 10900006223 composite?
False
Is 16579668327 a composite number?
True
Is 622545479 a composite number?
False
Is 106619668055 a composite number?
True
Is 1530137477 prime?
False
Is 30334627 a composite number?
True
Is 3696949489 composite?
True
Is 192172531 prime?
False
Is 361347443 prime?
True
Is 5973771565 a prime number?
False
Is 7420617807 composite?
True
Is 8992938901 a prime number?
False
Is 878843027 a prime number?
True
Is 6730263103 prime?
True
Is 418518367 a prime number?
True
Is 6561980981 composite?
True
Is 4948934437 a prime number?
True
Is 19787408489 prime?
True
Is 49425811549 composite?
False
Is 2081128069 prime?
True
Is 549521381 composite?
True
Is 5983855781 a composite number?
False
Is 736126319 prime?
True
Is 19120845253 a composite number?
False
Is 473991113 a composite number?
False
Is 4069196771 prime?
False
Is 134389154194 a prime number?
False
Is 10799435 a composite number?
True
Is 21059409257 prime?
False
Is 12694063189 a prime number?
True
Is 559784921 